In base 6, what is 2 - -2044043420?
2044043422
In base 7, what is 11 - 1223666153?
-1223666142
In base 10, what is -1 + -12702871?
-12702872
In base 8, what is -1 + -3052321?
-3052322
In base 15, what is 566847e + -1?
566847d
In base 15, what is -1e696 + -1d?
-1e6b4
In base 11, what is -38aa6 - -118a?
-37917
In base 7, what is -111505421 - -2?
-111505416
In base 3, what is 1110120211 + 20100200?
1200221111
In base 3, what is -111 + -12211001112001?
-12211001112112
In base 4, what is -131132 + -3312233?
-10110031
In base 16, what is -2 - -aef181?
aef17f
In base 12, what is 4 - 12059a8?
-12059a4
In base 9, what is -130874142 + 4?
-130874137
In base 14, what is 12cd37 - -7?
12cd40
In base 6, what is -352 + -143343122?
-143343514
In base 7, what is 3461 + 1131?
4622
In base 13, what is 19 - -ba278?
ba294
In base 5, what is -12244 - 310111?
-322410
In base 13, what is 1 + -4c1805a?
-4c18059
In base 14, what is -286 - -4c1?
239
In base 7, what is 10340 - -143634?
154304
In base 9, what is -1744608475 + 4?
-1744608471
In base 13, what is 460898c + -1?
460898b
In base 8, what is -4 + -17607024?
-17607030
In base 16, what is 2a + 2f8319?
2f8343
In base 3, what is -1001 - 20110221002022?
-20110221010100
In base 2, what is -100011110100110000 + -11110011?
-100011111000100011
In base 11, what is -114 - -a4a79?
a4965
In base 9, what is 207637057 - 3?
207637054
In base 10, what is 1026648 + -20?
1026628
In base 16, what is -1 - 19ff725?
-19ff726
In base 12, what is 24 + -7061b?
-705b7
In base 8, what is -23 - -13351473?
13351450
In base 7, what is 114010015 + 5?
114010023
In base 12, what is 97366067 + 2?
97366069
In base 14, what is 105 + 14765?
1486a
In base 13, what is -9c0527 - 5?
-9c052c
In base 2, what is -1001110101001 + -10010101110?
-1100001010111
In base 16, what is 32 + -49eea?
-49eb8
In base 11, what is -13503 - -aa01?
-3602
In base 8, what is 1013242 - 3?
1013237
In base 2, what is -11100001110001 - -111001100001?
-10101000010000
In base 6, what is -430154315 - 11?
-430154330
In base 13, what is 89107 - -120?
89227
In base 8, what is -313330 + -4?
-313334
In base 9, what is -53766473 - -17?
-53766455
In base 6, what is -252010214 - 13?
-252010231
In base 15, what is 8c6e2 + 4b?
8c73d
In base 9, what is 506 - 6538?
-6032
In base 2, what is 101 - -100010101001011100111101?
100010101001011101000010
In base 6, what is -15053241 + 11133?
-15042104
In base 15, what is -63 + -41c1?
-4234
In base 2, what is 1 - 1101011010101111011111?
-1101011010101111011110
In base 15, what is -4 + 61de0?
61ddb
In base 7, what is -2 + -1132142422?
-1132142424
In base 7, what is 10 + -1631214?
-1631204
In base 16, what is -2 + -2319c?
-2319e
In base 15, what is 4 - c51c0?
-c51bb
In base 2, what is 101001100111010111100100 + -100?
101001100111010111100000
In base 8, what is -1 + 76323?
76322
In base 2, what is -11001101110011011 - -110001?
-11001101101101010
In base 9, what is 2828376 - -12?
2828388
In base 14, what is -d2 - -213b?
2049
In base 15, what is -873434 + 8?
-87342b
In base 2, what is -1101101010011110010 + -11011100?
-1101101010111001110
In base 11, what is -120762 - 30?
-120792
In base 6, what is 4 + -220114514?
-220114510
In base 4, what is -11212200130 + 3?
-11212200121
In base 4, what is 13200003012 + -13?
13200002333
In base 13, what is 1711 - 3ac?
1332
In base 8, what is -14677760 + 10?
-14677750
In base 14, what is -514c + 11c70?
ab22
In base 10, what is 442839 - -314?
443153
In base 4, what is 1322212123010 + -20?
1322212122330
In base 7, what is 5223 - 211263?
-203040
In base 9, what is -407 + 34230?
33722
In base 2, what is -100 - -110010000101011001110111101?
110010000101011001110111001
In base 5, what is -23000 - 13030242?
-13103242
In base 13, what is 209 - 51b35?
-51929
In base 14, what is -5 - -119a91d?
119a918
In base 2, what is -1011111001 + 10011000110010?
10001100111001
In base 6, what is 0 - -21231403534?
21231403534
In base 12, what is 12 - -2473938?
247394a
In base 6, what is 104523025045 - 4?
104523025041
In base 16, what is 1 + 1d8f1e?
1d8f1f
In base 6, what is 11354450 + -12?
11354434
In base 10, what is 12 - -151332?
151344
In base 12, what is 108 + -ba2888?
-ba2780
In base 9, what is -6 - 6104328?
-6104335
In base 14, what is -3 - 97dd?
-9802
In base 15, what is c359 + -8a?
c2be
In base 10, what is 89 - -6867216?
6867305
In base 4, what is -1 - -313121202020?
313121202013
In base 13, what is 2 + 34768435?
34768437
In base 7, what is 530 + 13666134?
13666664
In base 14, what is 6d77ac - 28?
6d7784
In base 10, what is -21323201 - -2?
-21323199
In base 14, what is 27 - -54280?
542a7
In base 13, what is 0 - -533404?
533404
In base 9, what is -438675833 + -5?
-438675838
In base 5, what is -214121443134 + 0?
-214121443134
In base 13, what is 17 - -4b840?
4b857
In base 11, what is 77a - -31891?
32560
In base 16, what is a5b + -1913?
-eb8
In base 12, what is 3 - -6363499?
63634a0
In base 9, what is 622 - -81181?
81813
In base 3, what is -1010221210 + -102201102?
-1120200012
In base 14, what is -3 + c277b?
c2778
In base 2, what is 1101 + 111010111001010010011001?
111010111001010010100110
In base 13, what is 57b3 - -6929?
c40c
In base 8, what is 112 - -51270?
51402
In base 4, what is 12010013202 + 10?
12010013212
In base 7, what is 11143 + -24006?
-12533
In base 6, what is 2520001102 - 13?
2520001045
In base 11, what is -333 - 5799?
-6021
In base 13, what is -77 - 38ba95?
-38bb3c
In base 2, what is -1011010100110101100001101 - 10100?
-1011010100110101100100001
In base 7, what is -2600415 - -21?
-2600364
In base 15, what is -11b9d39 - -6?
-11b9d33
In base 4, what is 1000222313113 - -10?
1000222313123
In base 10, what is -2556403 + -4?
-2556407
In base 12, what is -31403a + -46?
-314084
In base 5, what is 1012300041 - -3?
1012300044
In base 5, what is -1424 + 330334?
323410
In base 4, what is -230 - -22233131?
22232301
In base 12, what is -13 - -8a8848b?
8a88478
In base 3, what is -12201 - 10110100102?
-10110120010
In base 12, what is a - 105390b4?
-105390a6
In base 2, what is 110101011100001111 + -1101001?
110101011010100110
In base 15, what is -3136d3 - 13?
-3136e6
In base 14, what is 3 - -595376?
595379
In base 8, what is 461743375 + -4?
461743371
In base 5, what is -4 + -4404413443?
-4404414002
In base 14, what is -440465a - -30?
-440462a
In base 10, what is 962922 + 85?
963007
In base 13, what is -1 + 70320b?
70320a
In base 15, what is -33 - 3b486?
-3b4b9
In base 3, what is 1111 - -222201101101012?
222201101102200
In base 3, what is 1000112110 + 100122010?
1101011120
In base 12, what is 24 + 284989?
2849b1
In base 8, what is -362015433 - -4?
-362015427
In base 11, what is 37 - 378aa31?
-378a9a5
In base 7, what is -10 + 153260610?
153260600
In base 2, what is -11 - -110111000011100101?
110111000011100010
In base 13, what is -821 - 98b6?
-a407
In base 2, what is -1 + -1111101001000001111010?
-1111101001000001111011
In base 16, what is 319b0 - -33?
319e3
In base 6, what is -150200 + 1005?
-145151
In base 2, what is -10 - -1100010011001001011000110?
1100010011001001011000100
In base 10, what is -6 + 450765?
450759
In base 4, what is 300101002333 + -32?
300101002301
In base 14, what is -5 + 5da17d8?
5da17d3
In base 6, what is -215513 + 122150?
-53323
In base 10, what is 1375324 + -12?
1375312
In base 8, what is 2723 - 1050615?
-1045672
In base 15, what is -4c6632 + -5?
-4c6637
In base 10, what is -179892 - 3?
-179895
In base 15, what is 1587 - 1389?
1ed
In base 9, what is -2 + -16460553?
-16460555
In base 11, what is 3625870 + -4?
3625867
In base 13, what is -5 + 432388?
432383
In base 12, what is 6aab3b1 - 2?
6aab3ab
In base 8, what is -2 - 1057772644?
-1057772646
In base 7, what is -1165603 - 24?
-1165630
In base 16, what is 4a0ca - 63?
4a067
In base 11, what is -620 + 507867?
507247
In base 12, what is 518 + 10955?
11271
In base 7, what is -5641233 + -16?
-5641252
In base 3, what is -1200220102001100 + 11?
-1200220102001012
In base 16, what is 80537f + 2d?
8053ac
In base 14, what is -47 - -2a8597?
2a8550
In base 10, what is -2204 - -6629?
4425
In base 11, what is -21 - -96488a?
964869
In base 9, what is 223756 - 75?
223671
In base 3, what is -12121001211 - 10?
-12121001221
In base 6, what is -22200 - 213?
-22413
In base 2, what is 1000